{"id":1384,"date":"2023-11-17T11:22:01","date_gmt":"2023-11-17T11:22:01","guid":{"rendered":"https:\/\/sistersstoree.com\/?post_type=product&#038;p=1384"},"modified":"2023-12-10T21:08:10","modified_gmt":"2023-12-10T21:08:10","slug":"cepli-tuvid-takim","status":"publish","type":"product","link":"https:\/\/sistersstoree.com\/?product=cepli-tuvid-takim","title":{"rendered":"ZAR\u0130F TUV\u0130T TAKIM"},"content":{"rendered":"","protected":false},"excerpt":{"rendered":"<p>Tuvit ( chanel) kuma\u015ftan \u00fcretilmi\u015ftir<\/p>\n<p>%50 y\u00fcn i\u00e7erir<\/p>\n<p>ceket 45 cm<\/p>\n<p>etek 95 cm.<\/p>\n<p>1(36-38), 2(40-42) uyumludur<\/p>\n","protected":false},"featured_media":1538,"comment_status":"open","ping_status":"closed","template":"","meta":[],"product_cat":[21,27,22,26],"product_tag":[],"class_list":{"0":"post-1384","1":"product","2":"type-product","3":"status-publish","4":"has-post-thumbnail","6":"product_cat-genel","7":"product_cat-cok-satanlar","8":"product_cat-takimlar","9":"product_cat-yeni-urunler","10":"rishi-post","12":"first","13":"instock","14":"sale","15":"shipping-taxable","16":"purchasable","17":"product-type-variable","18":"rtwpvg-product"},"_links":{"self":[{"href":"https:\/\/sistersstoree.com\/index.php?rest_route=\/wp\/v2\/product\/1384","targetHints":{"allow":["GET"]}}],"collection":[{"href":"https:\/\/sistersstoree.com\/index.php?rest_route=\/wp\/v2\/product"}],"about":[{"href":"https:\/\/sistersstoree.com\/index.php?rest_route=\/wp\/v2\/types\/product"}],"replies":[{"embeddable":true,"href":"https:\/\/sistersstoree.com\/index.php?rest_route=%2Fwp%2Fv2%2Fcomments&post=1384"}],"wp:featuredmedia":[{"embeddable":true,"href":"https:\/\/sistersstoree.com\/index.php?rest_route=\/wp\/v2\/media\/1538"}],"wp:attachment":[{"href":"https:\/\/sistersstoree.com\/index.php?rest_route=%2Fwp%2Fv2%2Fmedia&parent=1384"}],"wp:term":[{"taxonomy":"product_cat","embeddable":true,"href":"https:\/\/sistersstoree.com\/index.php?rest_route=%2Fwp%2Fv2%2Fproduct_cat&post=1384"},{"taxonomy":"product_tag","embeddable":true,"href":"https:\/\/sistersstoree.com\/index.php?rest_route=%2Fwp%2Fv2%2Fproduct_tag&post=1384"}],"curies":[{"name":"wp","href":"https:\/\/api.w.org\/{rel}","templated":true}]}}