{"id":1740,"date":"2023-12-02T14:00:04","date_gmt":"2023-12-02T14:00:04","guid":{"rendered":"https:\/\/sistersstoree.com\/?post_type=product&#038;p=1740"},"modified":"2024-12-12T14:41:32","modified_gmt":"2024-12-12T14:41:32","slug":"cool-kaban","status":"publish","type":"product","link":"https:\/\/sistersstoree.com\/?product=cool-kaban","title":{"rendered":"COOL KABAN"},"content":{"rendered":"<p>Kaban\u0131m\u0131z 1. Kalite ka\u015fe kuma\u015ft\u0131r.<\/p>\n<p>Astars\u0131zd\u0131r.<\/p>\n<p>Sonbahar K\u0131\u015f mevsiminde kullan\u0131ma uygun<\/p>\n<p>130 cmdir<\/p>\n<p>1(36-38) 2(40-42)<\/p>\n","protected":false},"excerpt":{"rendered":"<p>Kaban\u0131m\u0131z 1. Kalite ka\u015fe kuma\u015ft\u0131r. Astars\u0131zd\u0131r. Sonbahar K\u0131\u015f mevsiminde kullan\u0131ma uygun 130 cmdir 1(36-38) 2(40-42)<\/p>\n","protected":false},"featured_media":1636,"comment_status":"open","ping_status":"closed","template":"","meta":[],"product_cat":[27,23],"product_tag":[],"class_list":{"0":"post-1740","1":"product","2":"type-product","3":"status-publish","4":"has-post-thumbnail","6":"product_cat-cok-satanlar","7":"product_cat-kaban","8":"rishi-post","10":"first","11":"instock","12":"sale","13":"shipping-taxable","14":"purchasable","15":"product-type-variable","16":"rtwpvg-product"},"_links":{"self":[{"href":"https:\/\/sistersstoree.com\/index.php?rest_route=\/wp\/v2\/product\/1740","targetHints":{"allow":["GET"]}}],"collection":[{"href":"https:\/\/sistersstoree.com\/index.php?rest_route=\/wp\/v2\/product"}],"about":[{"href":"https:\/\/sistersstoree.com\/index.php?rest_route=\/wp\/v2\/types\/product"}],"replies":[{"embeddable":true,"href":"https:\/\/sistersstoree.com\/index.php?rest_route=%2Fwp%2Fv2%2Fcomments&post=1740"}],"wp:featuredmedia":[{"embeddable":true,"href":"https:\/\/sistersstoree.com\/index.php?rest_route=\/wp\/v2\/media\/1636"}],"wp:attachment":[{"href":"https:\/\/sistersstoree.com\/index.php?rest_route=%2Fwp%2Fv2%2Fmedia&parent=1740"}],"wp:term":[{"taxonomy":"product_cat","embeddable":true,"href":"https:\/\/sistersstoree.com\/index.php?rest_route=%2Fwp%2Fv2%2Fproduct_cat&post=1740"},{"taxonomy":"product_tag","embeddable":true,"href":"https:\/\/sistersstoree.com\/index.php?rest_route=%2Fwp%2Fv2%2Fproduct_tag&post=1740"}],"curies":[{"name":"wp","href":"https:\/\/api.w.org\/{rel}","templated":true}]}}